{"id":5129,"date":"2024-09-23T18:05:53","date_gmt":"2024-09-23T16:05:53","guid":{"rendered":"https:\/\/cjnrb.fr\/cjnrb_fr\/?page_id=5129"},"modified":"2024-09-23T18:05:53","modified_gmt":"2024-09-23T16:05:53","slug":"evenements-a-venir","status":"publish","type":"page","link":"https:\/\/cjnrb.fr\/cjnrb_fr\/evenements-a-venir\/","title":{"rendered":"\u00c9v\u00e9nements \u00e0 venir"},"content":{"rendered":"<div class='av-alb-blogposts template-blog  av-blog-meta-author-disabled av-blog-meta-comments-disabled av-blog-meta-category-disabled av-blog-meta-html-info-disabled av-blog-meta-tag-disabled '  itemscope=\"itemscope\" itemtype=\"https:\/\/schema.org\/Blog\" ><article class='post-entry post-entry-type-standard post-entry-5341 post-loop-1 post-parity-odd single-big with-slider post-5341 post type-post status-publish format-standard has-post-thumbnail hentry category-evenements-a-venir'  itemscope=\"itemscope\" itemtype=\"https:\/\/schema.org\/BlogPosting\" ><div class='blog-meta'><\/div><div class='entry-content-wrapper clearfix standard-content'><header class=\"entry-content-header\"><div class=\"av-heading-wrapper\"><h2 class='post-title entry-title'  itemprop=\"headline\" >\t<a href='https:\/\/cjnrb.fr\/cjnrb_fr\/festival-de-guitare-de-godella\/' rel='bookmark' title='Lien permanent : Festival de guitare de Godella'>Festival de guitare de Godella\t\t\t<span class='post-format-icon minor-meta'><\/span>\t<\/a><\/h2><span class=\"blog-categories minor-meta\"><a href=\"https:\/\/cjnrb.fr\/cjnrb_fr\/category\/evenements-a-venir\/\" rel=\"tag\">\u00c9V\u00c9NEMENTS \u00c0 VENIR<\/a> <\/span><\/div><\/header><span class=\"av-vertical-delimiter\"><\/span><div class=\"big-preview single-big\"><a href=\"https:\/\/cjnrb.fr\/cjnrb_fr\/festival-de-guitare-de-godella\/\" title=\"Festival de guitare de Godella\"><img width=\"257\" height=\"321\" src=\"https:\/\/cjnrb.fr\/cjnrb_fr\/wp-content\/uploads\/2026\/03\/Cartel-II-Festival-Internacional-de-Guitarra-de-Godella-pdf.jpg\" class=\"attachment-entry_with_sidebar size-entry_with_sidebar wp-post-image\" alt=\"\" loading=\"lazy\" \/><\/a><\/div><div class=\"entry-content\"  itemprop=\"text\" ><p>Festival de guitare de Godella En \u00e9cho au festival de guitare de Noisy-le-Roi\/Bailly qui se tient en novembre, la ville de Godella organise de son c\u00f4t\u00e9 la II\u00e8 \u00e9dition de son festival international qui aura lieu du 28 avril au 1er mai. 5 \u00e9l\u00e8ves de l\u2019\u00e9cole de musique de Bailly-Noisy-le-Roi, leur professeur, la pr\u00e9sidente de [&hellip;]<\/p>\n<div class=\"read-more-link\"><a href=\"https:\/\/cjnrb.fr\/cjnrb_fr\/festival-de-guitare-de-godella\/\" class=\"more-link\">Lire la suite<span class=\"more-link-arrow\"><\/span><\/a><\/div>\n<\/div><span class='post-meta-infos'><time class='date-container minor-meta updated' >22 mars 2026<\/time><span class='text-sep text-sep-date'>\/<\/span><span class=\"blog-author minor-meta\">par <span class=\"entry-author-link\" ><span class=\"vcard author\"><span class=\"fn\"><a href=\"https:\/\/cjnrb.fr\/cjnrb_fr\/author\/francois\/\" title=\"Articles par francois\" rel=\"author\">francois<\/a><\/span><\/span><\/span><\/span><\/span><footer class=\"entry-footer\"><\/footer><div class='post_delimiter'><\/div><\/div><div class='post_author_timeline'><\/div><span class='hidden'>\n\t\t\t<span class='av-structured-data'  itemprop=\"ImageObject\" itemscope=\"itemscope\" itemtype=\"https:\/\/schema.org\/ImageObject\"  itemprop='image'>\n\t\t\t\t\t   <span itemprop='url' >https:\/\/cjnrb.fr\/cjnrb_fr\/wp-content\/uploads\/2026\/03\/Cartel-II-Festival-Internacional-de-Guitarra-de-Godella-pdf.jpg<\/span>\n\t\t\t\t\t   <span itemprop='height' >1800<\/span>\n\t\t\t\t\t   <span itemprop='width' >1440<\/span>\n\t\t\t\t  <\/span><span class='av-structured-data'  itemprop=\"publisher\" itemtype=\"https:\/\/schema.org\/Organization\" itemscope=\"itemscope\" >\n\t\t\t\t<span itemprop='name'>francois<\/span>\n\t\t\t\t<span itemprop='logo' itemscope itemtype='https:\/\/schema.org\/ImageObject'>\n\t\t\t\t   <span itemprop='url'>https:\/\/cjnrb.fr\/cjnrb_fr\/wp-content\/uploads\/2022\/05\/tetiere-300x79.png<\/span>\n\t\t\t\t <\/span>\n\t\t\t  <\/span><span class='av-structured-data'  itemprop=\"author\" itemscope=\"itemscope\" itemtype=\"https:\/\/schema.org\/Person\" ><span itemprop='name'>francois<\/span><\/span><span class='av-structured-data'  itemprop=\"datePublished\" datetime=\"2026-03-22T18:31:11+01:00\" >2026-03-22 18:31:11<\/span><span class='av-structured-data'  itemprop=\"dateModified\" itemtype=\"https:\/\/schema.org\/dateModified\" >2026-03-22 18:31:11<\/span><span class='av-structured-data'  itemprop=\"mainEntityOfPage\" itemtype=\"https:\/\/schema.org\/mainEntityOfPage\" ><span itemprop='name'>Festival de guitare de Godella<\/span><\/span><\/span><\/article><article class='post-entry post-entry-type-standard post-entry-5338 post-loop-2 post-parity-even single-big with-slider post-5338 post type-post status-publish format-standard has-post-thumbnail hentry category-evenements-a-venir tag-ag'  itemscope=\"itemscope\" itemtype=\"https:\/\/schema.org\/BlogPosting\" ><div class='blog-meta'><\/div><div class='entry-content-wrapper clearfix standard-content'><header class=\"entry-content-header\"><div class=\"av-heading-wrapper\"><h2 class='post-title entry-title'  itemprop=\"headline\" >\t<a href='https:\/\/cjnrb.fr\/cjnrb_fr\/ag-comite-de-jumelage\/' rel='bookmark' title='Lien permanent : AG Comit\u00e9 de Jumelage'>AG Comit\u00e9 de Jumelage\t\t\t<span class='post-format-icon minor-meta'><\/span>\t<\/a><\/h2><span class=\"blog-categories minor-meta\"><a href=\"https:\/\/cjnrb.fr\/cjnrb_fr\/category\/evenements-a-venir\/\" rel=\"tag\">\u00c9V\u00c9NEMENTS \u00c0 VENIR<\/a> <\/span><\/div><\/header><span class=\"av-vertical-delimiter\"><\/span><div class=\"big-preview single-big\"><a href=\"https:\/\/cjnrb.fr\/cjnrb_fr\/ag-comite-de-jumelage\/\" title=\"AG Comit\u00e9 de Jumelage\"><img width=\"270\" height=\"148\" src=\"https:\/\/cjnrb.fr\/cjnrb_fr\/wp-content\/uploads\/2026\/03\/AG-comite.png\" class=\"attachment-entry_with_sidebar size-entry_with_sidebar wp-post-image\" alt=\"\" loading=\"lazy\" \/><\/a><\/div><div class=\"entry-content\"  itemprop=\"text\" ><p>AG Comit\u00e9 de Jumelage \u00ab\u00a0L&rsquo;association du comit\u00e9 de jumelage tient son Assembl\u00e9e G\u00e9n\u00e9rale, le jeudi 26 mars \u00e0 19H au coll\u00e8ge de la Quintinye. Vous \u00eates adh\u00e9rents,sympathisants,familles d&rsquo;accueil soyez les bienvenus. Vous aurez ainsi l&rsquo;occasion de vous tenir au courant de la richesse des \u00e9changes avec nos villes jumelles\u00a0\u00bb.<\/p>\n<div class=\"read-more-link\"><a href=\"https:\/\/cjnrb.fr\/cjnrb_fr\/ag-comite-de-jumelage\/\" class=\"more-link\">Lire la suite<span class=\"more-link-arrow\"><\/span><\/a><\/div>\n<\/div><span class='post-meta-infos'><time class='date-container minor-meta updated' >22 mars 2026<\/time><span class='text-sep text-sep-date'>\/<\/span><span class=\"blog-author minor-meta\">par <span class=\"entry-author-link\" ><span class=\"vcard author\"><span class=\"fn\"><a href=\"https:\/\/cjnrb.fr\/cjnrb_fr\/author\/francois\/\" title=\"Articles par francois\" rel=\"author\">francois<\/a><\/span><\/span><\/span><\/span><\/span><footer class=\"entry-footer\"><\/footer><div class='post_delimiter'><\/div><\/div><div class='post_author_timeline'><\/div><span class='hidden'>\n\t\t\t<span class='av-structured-data'  itemprop=\"ImageObject\" itemscope=\"itemscope\" itemtype=\"https:\/\/schema.org\/ImageObject\"  itemprop='image'>\n\t\t\t\t\t   <span itemprop='url' >https:\/\/cjnrb.fr\/cjnrb_fr\/wp-content\/uploads\/2026\/03\/AG-comite.png<\/span>\n\t\t\t\t\t   <span itemprop='height' >148<\/span>\n\t\t\t\t\t   <span itemprop='width' >270<\/span>\n\t\t\t\t  <\/span><span class='av-structured-data'  itemprop=\"publisher\" itemtype=\"https:\/\/schema.org\/Organization\" itemscope=\"itemscope\" >\n\t\t\t\t<span itemprop='name'>francois<\/span>\n\t\t\t\t<span itemprop='logo' itemscope itemtype='https:\/\/schema.org\/ImageObject'>\n\t\t\t\t   <span itemprop='url'>https:\/\/cjnrb.fr\/cjnrb_fr\/wp-content\/uploads\/2022\/05\/tetiere-300x79.png<\/span>\n\t\t\t\t <\/span>\n\t\t\t  <\/span><span class='av-structured-data'  itemprop=\"author\" itemscope=\"itemscope\" itemtype=\"https:\/\/schema.org\/Person\" ><span itemprop='name'>francois<\/span><\/span><span class='av-structured-data'  itemprop=\"datePublished\" datetime=\"2026-03-22T18:25:05+01:00\" >2026-03-22 18:25:05<\/span><span class='av-structured-data'  itemprop=\"dateModified\" itemtype=\"https:\/\/schema.org\/dateModified\" >2026-03-22 18:26:43<\/span><span class='av-structured-data'  itemprop=\"mainEntityOfPage\" itemtype=\"https:\/\/schema.org\/mainEntityOfPage\" ><span itemprop='name'>AG Comit\u00e9 de Jumelage<\/span><\/span><\/span><\/article><article class='post-entry post-entry-type-standard post-entry-5315 post-loop-3 post-parity-odd post-entry-last single-big with-slider post-5315 post type-post status-publish format-standard has-post-thumbnail hentry category-evenements-a-venir'  itemscope=\"itemscope\" itemtype=\"https:\/\/schema.org\/BlogPosting\" ><div class='blog-meta'><\/div><div class='entry-content-wrapper clearfix standard-content'><header class=\"entry-content-header\"><div class=\"av-heading-wrapper\"><h2 class='post-title entry-title'  itemprop=\"headline\" >\t<a href='https:\/\/cjnrb.fr\/cjnrb_fr\/un-camp-a-albion-cet-ete\/' rel='bookmark' title='Lien permanent : \u00bfUn camp \u00e0 Albion cet \u00e9t\u00e9?'>\u00bfUn camp \u00e0 Albion cet \u00e9t\u00e9?\t\t\t<span class='post-format-icon minor-meta'><\/span>\t<\/a><\/h2><span class=\"blog-categories minor-meta\"><a href=\"https:\/\/cjnrb.fr\/cjnrb_fr\/category\/evenements-a-venir\/\" rel=\"tag\">\u00c9V\u00c9NEMENTS \u00c0 VENIR<\/a> <\/span><\/div><\/header><span class=\"av-vertical-delimiter\"><\/span><div class=\"big-preview single-big\"><a href=\"https:\/\/cjnrb.fr\/cjnrb_fr\/un-camp-a-albion-cet-ete\/\" title=\"\u00bfUn camp \u00e0 Albion cet \u00e9t\u00e9?\"><img width=\"546\" height=\"321\" src=\"https:\/\/cjnrb.fr\/cjnrb_fr\/wp-content\/uploads\/2026\/02\/camps-Albion-546x321.jpeg\" class=\"attachment-entry_with_sidebar size-entry_with_sidebar wp-post-image\" alt=\"\" loading=\"lazy\" \/><\/a><\/div><div class=\"entry-content\"  itemprop=\"text\" ><p>Camps \u00e0 Albion Le comit\u00e9 de jumelage d\u2019Albion (MI, Etats-Unis) propose 2 camps d\u2019\u00e9t\u00e9 pour l\u2019\u00e9t\u00e9 2026 pour des jeunes entre 13 et 16 ans. Ces jeunes sont accompagn\u00e9s par un chaperon par groupe de 5. Ils seront log\u00e9s dans les familles. du 12 au 18 juillet de 9h00 \u00e0 14h30, orient\u00e9 plus \u00ab\u00a0acad\u00e9mique\u00a0\u00bb, loisirs [&hellip;]<\/p>\n<div class=\"read-more-link\"><a href=\"https:\/\/cjnrb.fr\/cjnrb_fr\/un-camp-a-albion-cet-ete\/\" class=\"more-link\">Lire la suite<span class=\"more-link-arrow\"><\/span><\/a><\/div>\n<\/div><span class='post-meta-infos'><time class='date-container minor-meta updated' >2 f\u00e9vrier 2026<\/time><span class='text-sep text-sep-date'>\/<\/span><span class=\"blog-author minor-meta\">par <span class=\"entry-author-link\" ><span class=\"vcard author\"><span class=\"fn\"><a href=\"https:\/\/cjnrb.fr\/cjnrb_fr\/author\/francois\/\" title=\"Articles par francois\" rel=\"author\">francois<\/a><\/span><\/span><\/span><\/span><\/span><footer class=\"entry-footer\"><\/footer><div class='post_delimiter'><\/div><\/div><div class='post_author_timeline'><\/div><span class='hidden'>\n\t\t\t<span class='av-structured-data'  itemprop=\"ImageObject\" itemscope=\"itemscope\" itemtype=\"https:\/\/schema.org\/ImageObject\"  itemprop='image'>\n\t\t\t\t\t   <span itemprop='url' >https:\/\/cjnrb.fr\/cjnrb_fr\/wp-content\/uploads\/2026\/02\/camps-Albion.jpeg<\/span>\n\t\t\t\t\t   <span itemprop='height' >723<\/span>\n\t\t\t\t\t   <span itemprop='width' >546<\/span>\n\t\t\t\t  <\/span><span class='av-structured-data'  itemprop=\"publisher\" itemtype=\"https:\/\/schema.org\/Organization\" itemscope=\"itemscope\" >\n\t\t\t\t<span itemprop='name'>francois<\/span>\n\t\t\t\t<span itemprop='logo' itemscope itemtype='https:\/\/schema.org\/ImageObject'>\n\t\t\t\t   <span itemprop='url'>https:\/\/cjnrb.fr\/cjnrb_fr\/wp-content\/uploads\/2022\/05\/tetiere-300x79.png<\/span>\n\t\t\t\t <\/span>\n\t\t\t  <\/span><span class='av-structured-data'  itemprop=\"author\" itemscope=\"itemscope\" itemtype=\"https:\/\/schema.org\/Person\" ><span itemprop='name'>francois<\/span><\/span><span class='av-structured-data'  itemprop=\"datePublished\" datetime=\"2026-02-02T12:54:43+01:00\" >2026-02-02 12:54:43<\/span><span class='av-structured-data'  itemprop=\"dateModified\" itemtype=\"https:\/\/schema.org\/dateModified\" >2026-02-02 12:54:43<\/span><span class='av-structured-data'  itemprop=\"mainEntityOfPage\" itemtype=\"https:\/\/schema.org\/mainEntityOfPage\" ><span itemprop='name'>\u00bfUn camp \u00e0 Albion cet \u00e9t\u00e9?<\/span><\/span><\/span><\/article><div class='single-big'><\/div><\/div>\n","protected":false},"excerpt":{"rendered":"","protected":false},"author":1,"featured_media":0,"parent":0,"menu_order":0,"comment_status":"closed","ping_status":"closed","template":"","meta":[],"yoast_head":"<!-- This site is optimized with the Yoast SEO plugin v18.5.1 - https:\/\/yoast.com\/wordpress\/plugins\/seo\/ -->\n<title>\u00c9v\u00e9nements \u00e0 venir - Jumelage Noisy le Roi \/ Bailly<\/title>\n<meta name=\"robots\" content=\"index, follow, max-snippet:-1, max-image-preview:large, max-video-preview:-1\" \/>\n<link rel=\"canonical\" href=\"https:\/\/cjnrb.fr\/cjnrb_fr\/evenements-a-venir\/\" \/>\n<meta property=\"og:locale\" content=\"fr_FR\" \/>\n<meta property=\"og:type\" content=\"article\" \/>\n<meta property=\"og:title\" content=\"\u00c9v\u00e9nements \u00e0 venir - Jumelage Noisy le Roi \/ Bailly\" \/>\n<meta property=\"og:url\" content=\"https:\/\/cjnrb.fr\/cjnrb_fr\/evenements-a-venir\/\" \/>\n<meta property=\"og:site_name\" content=\"Jumelage Noisy le Roi \/ Bailly\" \/>\n<meta name=\"twitter:card\" content=\"summary_large_image\" \/>\n<script type=\"application\/ld+json\" class=\"yoast-schema-graph\">{\"@context\":\"https:\/\/schema.org\",\"@graph\":[{\"@type\":\"WebSite\",\"@id\":\"https:\/\/cjnrb.fr\/cjnrb_fr\/#website\",\"url\":\"https:\/\/cjnrb.fr\/cjnrb_fr\/\",\"name\":\"Jumelage Noisy le Roi \/ Bailly\",\"description\":\"\u00e9changes dans les domaines scolaires, culturels, sportifs, \u00e9conomiques et environnementaux avec les villes d\u2019Albion (USA) et Godella (Espagne) \",\"potentialAction\":[{\"@type\":\"SearchAction\",\"target\":{\"@type\":\"EntryPoint\",\"urlTemplate\":\"https:\/\/cjnrb.fr\/cjnrb_fr\/?s={search_term_string}\"},\"query-input\":\"required name=search_term_string\"}],\"inLanguage\":\"fr-FR\"},{\"@type\":\"WebPage\",\"@id\":\"https:\/\/cjnrb.fr\/cjnrb_fr\/evenements-a-venir\/#webpage\",\"url\":\"https:\/\/cjnrb.fr\/cjnrb_fr\/evenements-a-venir\/\",\"name\":\"\u00c9v\u00e9nements \u00e0 venir - Jumelage Noisy le Roi \/ Bailly\",\"isPartOf\":{\"@id\":\"https:\/\/cjnrb.fr\/cjnrb_fr\/#website\"},\"datePublished\":\"2024-09-23T16:05:53+00:00\",\"dateModified\":\"2024-09-23T16:05:53+00:00\",\"breadcrumb\":{\"@id\":\"https:\/\/cjnrb.fr\/cjnrb_fr\/evenements-a-venir\/#breadcrumb\"},\"inLanguage\":\"fr-FR\",\"potentialAction\":[{\"@type\":\"ReadAction\",\"target\":[\"https:\/\/cjnrb.fr\/cjnrb_fr\/evenements-a-venir\/\"]}]},{\"@type\":\"BreadcrumbList\",\"@id\":\"https:\/\/cjnrb.fr\/cjnrb_fr\/evenements-a-venir\/#breadcrumb\",\"itemListElement\":[{\"@type\":\"ListItem\",\"position\":1,\"name\":\"Accueil\",\"item\":\"https:\/\/cjnrb.fr\/cjnrb_fr\/\"},{\"@type\":\"ListItem\",\"position\":2,\"name\":\"\u00c9v\u00e9nements \u00e0 venir\"}]}]}<\/script>\n<!-- \/ Yoast SEO plugin. -->","yoast_head_json":{"title":"\u00c9v\u00e9nements \u00e0 venir - Jumelage Noisy le Roi \/ Bailly","robots":{"index":"index","follow":"follow","max-snippet":"max-snippet:-1","max-image-preview":"max-image-preview:large","max-video-preview":"max-video-preview:-1"},"canonical":"https:\/\/cjnrb.fr\/cjnrb_fr\/evenements-a-venir\/","og_locale":"fr_FR","og_type":"article","og_title":"\u00c9v\u00e9nements \u00e0 venir - Jumelage Noisy le Roi \/ Bailly","og_url":"https:\/\/cjnrb.fr\/cjnrb_fr\/evenements-a-venir\/","og_site_name":"Jumelage Noisy le Roi \/ Bailly","twitter_card":"summary_large_image","schema":{"@context":"https:\/\/schema.org","@graph":[{"@type":"WebSite","@id":"https:\/\/cjnrb.fr\/cjnrb_fr\/#website","url":"https:\/\/cjnrb.fr\/cjnrb_fr\/","name":"Jumelage Noisy le Roi \/ Bailly","description":"\u00e9changes dans les domaines scolaires, culturels, sportifs, \u00e9conomiques et environnementaux avec les villes d\u2019Albion (USA) et Godella (Espagne) ","potentialAction":[{"@type":"SearchAction","target":{"@type":"EntryPoint","urlTemplate":"https:\/\/cjnrb.fr\/cjnrb_fr\/?s={search_term_string}"},"query-input":"required name=search_term_string"}],"inLanguage":"fr-FR"},{"@type":"WebPage","@id":"https:\/\/cjnrb.fr\/cjnrb_fr\/evenements-a-venir\/#webpage","url":"https:\/\/cjnrb.fr\/cjnrb_fr\/evenements-a-venir\/","name":"\u00c9v\u00e9nements \u00e0 venir - Jumelage Noisy le Roi \/ Bailly","isPartOf":{"@id":"https:\/\/cjnrb.fr\/cjnrb_fr\/#website"},"datePublished":"2024-09-23T16:05:53+00:00","dateModified":"2024-09-23T16:05:53+00:00","breadcrumb":{"@id":"https:\/\/cjnrb.fr\/cjnrb_fr\/evenements-a-venir\/#breadcrumb"},"inLanguage":"fr-FR","potentialAction":[{"@type":"ReadAction","target":["https:\/\/cjnrb.fr\/cjnrb_fr\/evenements-a-venir\/"]}]},{"@type":"BreadcrumbList","@id":"https:\/\/cjnrb.fr\/cjnrb_fr\/evenements-a-venir\/#breadcrumb","itemListElement":[{"@type":"ListItem","position":1,"name":"Accueil","item":"https:\/\/cjnrb.fr\/cjnrb_fr\/"},{"@type":"ListItem","position":2,"name":"\u00c9v\u00e9nements \u00e0 venir"}]}]}},"_links":{"self":[{"href":"https:\/\/cjnrb.fr\/cjnrb_fr\/wp-json\/wp\/v2\/pages\/5129"}],"collection":[{"href":"https:\/\/cjnrb.fr\/cjnrb_fr\/wp-json\/wp\/v2\/pages"}],"about":[{"href":"https:\/\/cjnrb.fr\/cjnrb_fr\/wp-json\/wp\/v2\/types\/page"}],"author":[{"embeddable":true,"href":"https:\/\/cjnrb.fr\/cjnrb_fr\/wp-json\/wp\/v2\/users\/1"}],"replies":[{"embeddable":true,"href":"https:\/\/cjnrb.fr\/cjnrb_fr\/wp-json\/wp\/v2\/comments?post=5129"}],"version-history":[{"count":1,"href":"https:\/\/cjnrb.fr\/cjnrb_fr\/wp-json\/wp\/v2\/pages\/5129\/revisions"}],"predecessor-version":[{"id":5130,"href":"https:\/\/cjnrb.fr\/cjnrb_fr\/wp-json\/wp\/v2\/pages\/5129\/revisions\/5130"}],"wp:attachment":[{"href":"https:\/\/cjnrb.fr\/cjnrb_fr\/wp-json\/wp\/v2\/media?parent=5129"}],"curies":[{"name":"wp","href":"https:\/\/api.w.org\/{rel}","templated":true}]}}