{"id":4311,"date":"2018-11-05T00:48:17","date_gmt":"2018-11-04T23:48:17","guid":{"rendered":"http:\/\/cjnrb.fr\/cjnrb_fr\/?page_id=4311"},"modified":"2018-11-05T00:49:09","modified_gmt":"2018-11-04T23:49:09","slug":"lu-vu-entendu","status":"publish","type":"page","link":"https:\/\/cjnrb.fr\/cjnrb_fr\/lu-vu-entendu\/","title":{"rendered":"Lu, vu, entendu"},"content":{"rendered":"<blockquote>\n<h2>Quelques articles de presse<\/h2>\n<\/blockquote>\n<span class=\"av_font_icon avia_animate_when_visible avia-icon-animate  av-icon-style-  av-no-color avia-icon-pos-left \" style=\"\"><span class='av-icon-char' style='font-size:40px;line-height:40px;' aria-hidden='true' data-av_icon='\ue84b' data-av_iconfont='entypo-fontello' ><\/span><\/span>\n<p><a href=\"http:\/\/cjnrb.fr\/cjnrb_fr\/wp-content\/uploads\/2018\/11\/Mobilit\u00e9-UVSQ-et-Albion-College-r\u00e9affirment-leur-partenariat.pdf\">M<\/a><a href=\"http:\/\/cjnrb.fr\/cjnrb_fr\/wp-content\/uploads\/2018\/11\/Mobilit\u00e9-UVSQ-et-Albion-College-r\u00e9affirment-leur-partenariat.pdf\">obilit\u00e9 : UVSQ et Albion College r\u00e9affirment leur partenariat<\/a><\/p>\n<span class=\"av_font_icon avia_animate_when_visible avia-icon-animate  av-icon-style-  av-no-color avia-icon-pos-left \" style=\"\"><span class='av-icon-char' style='font-size:40px;line-height:40px;' aria-hidden='true' data-av_icon='\ue84b' data-av_iconfont='entypo-fontello' ><\/span><\/span>\n<p><a href=\"http:\/\/cjnrb.fr\/cjnrb_fr\/wp-content\/uploads\/2018\/11\/D\u00e9couverte-du-monde-du-travail-\u00e0-Albion.pdf\">D\u00e9couverte du monde du travail \u00e0 Albion<\/a><\/p>\n<span class=\"av_font_icon avia_animate_when_visible avia-icon-animate  av-icon-style-  av-no-color avia-icon-pos-left \" style=\"\"><span class='av-icon-char' style='font-size:40px;line-height:40px;' aria-hidden='true' data-av_icon='\ue84b' data-av_iconfont='entypo-fontello' ><\/span><\/span>\n<p><a href=\"http:\/\/cjnrb.fr\/cjnrb_fr\/wp-content\/uploads\/2018\/11\/Exposition-de-photos-de-Godella.pdf\">Exposition de photos de Godella<\/a><\/p>\n<span class=\"av_font_icon avia_animate_when_visible avia-icon-animate  av-icon-style-  av-no-color avia-icon-pos-left \" style=\"\"><span class='av-icon-char' style='font-size:40px;line-height:40px;' aria-hidden='true' data-av_icon='\ue84b' data-av_iconfont='entypo-fontello' ><\/span><\/span>\n<p><a href=\"http:\/\/cjnrb.fr\/cjnrb_fr\/wp-content\/uploads\/2018\/11\/Bailly-est-officiellement-jumel\u00e9e-avec-Albion.pdf\">Bailly est officiellement jumel\u00e9e avec Albion<\/a><\/p>\n<span class=\"av_font_icon avia_animate_when_visible avia-icon-animate  av-icon-style-  av-no-color avia-icon-pos-left \" style=\"\"><span class='av-icon-char' style='font-size:40px;line-height:40px;' aria-hidden='true' data-av_icon='\ue84b' data-av_iconfont='entypo-fontello' ><\/span><\/span>\n<p><a href=\"http:\/\/cjnrb.fr\/cjnrb_fr\/wp-content\/uploads\/2018\/11\/40-ans-de-l\u00e9cole-de-musique.pdf\">40 ans de l&rsquo;\u00e9cole de musique<\/a><\/p>\n","protected":false},"excerpt":{"rendered":"<p>Quelques articles de presse Mobilit\u00e9 : UVSQ et Albion College r\u00e9affirment leur partenariat D\u00e9couverte du monde du travail \u00e0 Albion Exposition de photos de Godella Bailly est officiellement jumel\u00e9e avec Albion 40 ans de l&rsquo;\u00e9cole de musique<\/p>\n","protected":false},"author":1,"featured_media":0,"parent":0,"menu_order":0,"comment_status":"closed","ping_status":"closed","template":"","meta":[],"yoast_head":"<!-- This site is optimized with the Yoast SEO plugin v18.5.1 - https:\/\/yoast.com\/wordpress\/plugins\/seo\/ -->\n<title>Lu, vu, entendu - Jumelage Noisy le Roi \/ Bailly<\/title>\n<meta name=\"robots\" content=\"index, follow, max-snippet:-1, max-image-preview:large, max-video-preview:-1\" \/>\n<link rel=\"canonical\" href=\"https:\/\/cjnrb.fr\/cjnrb_fr\/lu-vu-entendu\/\" \/>\n<meta property=\"og:locale\" content=\"fr_FR\" \/>\n<meta property=\"og:type\" content=\"article\" \/>\n<meta property=\"og:title\" content=\"Lu, vu, entendu - Jumelage Noisy le Roi \/ Bailly\" \/>\n<meta property=\"og:description\" content=\"Quelques articles de presse Mobilit\u00e9 : UVSQ et Albion College r\u00e9affirment leur partenariat D\u00e9couverte du monde du travail \u00e0 Albion Exposition de photos de Godella Bailly est officiellement jumel\u00e9e avec Albion 40 ans de l&rsquo;\u00e9cole de musique\" \/>\n<meta property=\"og:url\" content=\"https:\/\/cjnrb.fr\/cjnrb_fr\/lu-vu-entendu\/\" \/>\n<meta property=\"og:site_name\" content=\"Jumelage Noisy le Roi \/ Bailly\" \/>\n<meta property=\"article:modified_time\" content=\"2018-11-04T23:49:09+00:00\" \/>\n<meta name=\"twitter:card\" content=\"summary_large_image\" \/>\n<meta name=\"twitter:label1\" content=\"Dur\u00e9e de lecture estim\u00e9e\" \/>\n\t<meta name=\"twitter:data1\" content=\"1 minute\" \/>\n<script type=\"application\/ld+json\" class=\"yoast-schema-graph\">{\"@context\":\"https:\/\/schema.org\",\"@graph\":[{\"@type\":\"WebSite\",\"@id\":\"https:\/\/cjnrb.fr\/cjnrb_fr\/#website\",\"url\":\"https:\/\/cjnrb.fr\/cjnrb_fr\/\",\"name\":\"Jumelage Noisy le Roi \/ Bailly\",\"description\":\"\u00e9changes dans les domaines scolaires, culturels, sportifs, \u00e9conomiques et environnementaux avec les villes d\u2019Albion (USA) et Godella (Espagne) \",\"potentialAction\":[{\"@type\":\"SearchAction\",\"target\":{\"@type\":\"EntryPoint\",\"urlTemplate\":\"https:\/\/cjnrb.fr\/cjnrb_fr\/?s={search_term_string}\"},\"query-input\":\"required name=search_term_string\"}],\"inLanguage\":\"fr-FR\"},{\"@type\":\"WebPage\",\"@id\":\"https:\/\/cjnrb.fr\/cjnrb_fr\/lu-vu-entendu\/#webpage\",\"url\":\"https:\/\/cjnrb.fr\/cjnrb_fr\/lu-vu-entendu\/\",\"name\":\"Lu, vu, entendu - Jumelage Noisy le Roi \/ Bailly\",\"isPartOf\":{\"@id\":\"https:\/\/cjnrb.fr\/cjnrb_fr\/#website\"},\"datePublished\":\"2018-11-04T23:48:17+00:00\",\"dateModified\":\"2018-11-04T23:49:09+00:00\",\"breadcrumb\":{\"@id\":\"https:\/\/cjnrb.fr\/cjnrb_fr\/lu-vu-entendu\/#breadcrumb\"},\"inLanguage\":\"fr-FR\",\"potentialAction\":[{\"@type\":\"ReadAction\",\"target\":[\"https:\/\/cjnrb.fr\/cjnrb_fr\/lu-vu-entendu\/\"]}]},{\"@type\":\"BreadcrumbList\",\"@id\":\"https:\/\/cjnrb.fr\/cjnrb_fr\/lu-vu-entendu\/#breadcrumb\",\"itemListElement\":[{\"@type\":\"ListItem\",\"position\":1,\"name\":\"Accueil\",\"item\":\"https:\/\/cjnrb.fr\/cjnrb_fr\/\"},{\"@type\":\"ListItem\",\"position\":2,\"name\":\"Lu, vu, entendu\"}]}]}<\/script>\n<!-- \/ Yoast SEO plugin. -->","yoast_head_json":{"title":"Lu, vu, entendu - Jumelage Noisy le Roi \/ Bailly","robots":{"index":"index","follow":"follow","max-snippet":"max-snippet:-1","max-image-preview":"max-image-preview:large","max-video-preview":"max-video-preview:-1"},"canonical":"https:\/\/cjnrb.fr\/cjnrb_fr\/lu-vu-entendu\/","og_locale":"fr_FR","og_type":"article","og_title":"Lu, vu, entendu - Jumelage Noisy le Roi \/ Bailly","og_description":"Quelques articles de presse Mobilit\u00e9 : UVSQ et Albion College r\u00e9affirment leur partenariat D\u00e9couverte du monde du travail \u00e0 Albion Exposition de photos de Godella Bailly est officiellement jumel\u00e9e avec Albion 40 ans de l&rsquo;\u00e9cole de musique","og_url":"https:\/\/cjnrb.fr\/cjnrb_fr\/lu-vu-entendu\/","og_site_name":"Jumelage Noisy le Roi \/ Bailly","article_modified_time":"2018-11-04T23:49:09+00:00","twitter_card":"summary_large_image","twitter_misc":{"Dur\u00e9e de lecture estim\u00e9e":"1 minute"},"schema":{"@context":"https:\/\/schema.org","@graph":[{"@type":"WebSite","@id":"https:\/\/cjnrb.fr\/cjnrb_fr\/#website","url":"https:\/\/cjnrb.fr\/cjnrb_fr\/","name":"Jumelage Noisy le Roi \/ Bailly","description":"\u00e9changes dans les domaines scolaires, culturels, sportifs, \u00e9conomiques et environnementaux avec les villes d\u2019Albion (USA) et Godella (Espagne) ","potentialAction":[{"@type":"SearchAction","target":{"@type":"EntryPoint","urlTemplate":"https:\/\/cjnrb.fr\/cjnrb_fr\/?s={search_term_string}"},"query-input":"required name=search_term_string"}],"inLanguage":"fr-FR"},{"@type":"WebPage","@id":"https:\/\/cjnrb.fr\/cjnrb_fr\/lu-vu-entendu\/#webpage","url":"https:\/\/cjnrb.fr\/cjnrb_fr\/lu-vu-entendu\/","name":"Lu, vu, entendu - Jumelage Noisy le Roi \/ Bailly","isPartOf":{"@id":"https:\/\/cjnrb.fr\/cjnrb_fr\/#website"},"datePublished":"2018-11-04T23:48:17+00:00","dateModified":"2018-11-04T23:49:09+00:00","breadcrumb":{"@id":"https:\/\/cjnrb.fr\/cjnrb_fr\/lu-vu-entendu\/#breadcrumb"},"inLanguage":"fr-FR","potentialAction":[{"@type":"ReadAction","target":["https:\/\/cjnrb.fr\/cjnrb_fr\/lu-vu-entendu\/"]}]},{"@type":"BreadcrumbList","@id":"https:\/\/cjnrb.fr\/cjnrb_fr\/lu-vu-entendu\/#breadcrumb","itemListElement":[{"@type":"ListItem","position":1,"name":"Accueil","item":"https:\/\/cjnrb.fr\/cjnrb_fr\/"},{"@type":"ListItem","position":2,"name":"Lu, vu, entendu"}]}]}},"_links":{"self":[{"href":"https:\/\/cjnrb.fr\/cjnrb_fr\/wp-json\/wp\/v2\/pages\/4311"}],"collection":[{"href":"https:\/\/cjnrb.fr\/cjnrb_fr\/wp-json\/wp\/v2\/pages"}],"about":[{"href":"https:\/\/cjnrb.fr\/cjnrb_fr\/wp-json\/wp\/v2\/types\/page"}],"author":[{"embeddable":true,"href":"https:\/\/cjnrb.fr\/cjnrb_fr\/wp-json\/wp\/v2\/users\/1"}],"replies":[{"embeddable":true,"href":"https:\/\/cjnrb.fr\/cjnrb_fr\/wp-json\/wp\/v2\/comments?post=4311"}],"version-history":[{"count":5,"href":"https:\/\/cjnrb.fr\/cjnrb_fr\/wp-json\/wp\/v2\/pages\/4311\/revisions"}],"predecessor-version":[{"id":4321,"href":"https:\/\/cjnrb.fr\/cjnrb_fr\/wp-json\/wp\/v2\/pages\/4311\/revisions\/4321"}],"wp:attachment":[{"href":"https:\/\/cjnrb.fr\/cjnrb_fr\/wp-json\/wp\/v2\/media?parent=4311"}],"curies":[{"name":"wp","href":"https:\/\/api.w.org\/{rel}","templated":true}]}}